{"id":92,"date":"2026-02-23T01:08:45","date_gmt":"2026-02-23T00:08:45","guid":{"rendered":"https:\/\/clairemerrien.fr\/index.php\/home\/"},"modified":"2026-03-25T13:03:28","modified_gmt":"2026-03-25T12:03:28","slug":"home","status":"publish","type":"page","link":"https:\/\/clairemerrien.fr\/","title":{"rendered":"Accueil"},"content":{"rendered":"\n<p>Bienvenue sur mon site qui est \u00e0 la fois une vitrine de mes activit\u00e9s artistiques et professionnelles, et un espace pens\u00e9 pour offrir \u00e0 votre regard repos et d\u00e9lectation. Si vous souhaitez utiliser mes photos dans un domaine ou un autre, merci de me contacter.<\/p>\n","protected":false},"excerpt":{"rendered":"<p>Bienvenue sur mon site qui est \u00e0 la fois une vitrine de mes activit\u00e9s artistiques et professionnelles, et un espace pens\u00e9 pour offrir \u00e0 votre regard repos et d\u00e9lectation. Si vous souhaitez utiliser mes photos dans un domaine ou un autre, merci de me contacter.<\/p>\n","protected":false},"author":1,"featured_media":0,"parent":0,"menu_order":0,"comment_status":"closed","ping_status":"closed","template":"","meta":{"footnotes":""},"class_list":["post-92","page","type-page","status-publish","hentry"],"_links":{"self":[{"href":"https:\/\/clairemerrien.fr\/index.php\/wp-json\/wp\/v2\/pages\/92","targetHints":{"allow":["GET"]}}],"collection":[{"href":"https:\/\/clairemerrien.fr\/index.php\/wp-json\/wp\/v2\/pages"}],"about":[{"href":"https:\/\/clairemerrien.fr\/index.php\/wp-json\/wp\/v2\/types\/page"}],"author":[{"embeddable":true,"href":"https:\/\/clairemerrien.fr\/index.php\/wp-json\/wp\/v2\/users\/1"}],"replies":[{"embeddable":true,"href":"https:\/\/clairemerrien.fr\/index.php\/wp-json\/wp\/v2\/comments?post=92"}],"version-history":[{"count":1,"href":"https:\/\/clairemerrien.fr\/index.php\/wp-json\/wp\/v2\/pages\/92\/revisions"}],"predecessor-version":[{"id":178,"href":"https:\/\/clairemerrien.fr\/index.php\/wp-json\/wp\/v2\/pages\/92\/revisions\/178"}],"wp:attachment":[{"href":"https:\/\/clairemerrien.fr\/index.php\/wp-json\/wp\/v2\/media?parent=92"}],"curies":[{"name":"wp","href":"https:\/\/api.w.org\/{rel}","templated":true}]}}